 the greatest common factor of 2893 and 4057301.
263
Calculate the greatest common divisor of 10174913 and 1674.
31
What is the greatest common divisor of 14180099 and 1046?
523
What is the highest common divisor of 3625 and 100970750?
3625
What is the greatest common divisor of 32 and 4447928?
8
Calculate the highest common divisor of 3978 and 109881642.
1326
Calculate the highest common divisor of 75 and 691668375.
75
Calculate the greatest common divisor of 115690 and 62560.
230
Calculate the greatest common divisor of 5071 and 582879.
11
Calculate the highest common factor of 43578566 and 1114.
1114
What is the greatest common factor of 115169775 and 525?
525
What is the greatest common divisor of 94586817 and 4869?
1623
Calculate the highest common factor of 17536 and 1044488.
1096
What is the greatest common factor of 82 and 66828155?
41
Calculate the greatest common divisor of 114 and 61113101.
19
What is the highest common divisor of 3754459409 and 5801?
5801
What is the highest common factor of 59285894 and 3854?
94
What is the greatest common factor of 54346168 and 6128?
3064
What is the highest common divisor of 29115 and 38389745?
3235
What is the highest common divisor of 24448 and 578348?
764
What is the highest common divisor of 313352 and 36179?
299
Calculate the highest common divisor of 93 and 76951858.
31
Calculate the greatest common divisor of 5450 and 4683730.
1090
Calculate the highest common divisor of 47802330 and 57435.
8205
What is the highest common divisor of 2969190 and 2133?
27
Calculate the greatest common factor of 927385686 and 3996.
1998
What is the highest common divisor of 50706 and 631634?
626
Calculate the greatest common factor of 24 and 4020972.
12
Calculate the highest common divisor of 734413911 and 49.
49
What is the highest common divisor of 3534 and 9850512?
114
Calculate the greatest common factor of 216 and 389007.
9
What is the greatest common divisor of 15693 and 541319573?
5231
What is the greatest common divisor of 247 and 18466841?
19
What is the greatest common divisor of 196 and 117632732?
196
What is the highest common divisor of 43 and 166397573?
43
What is the greatest common divisor of 189 and 17545002?
3
What is the highest common divisor of 189 and 634837?
7
What is the greatest common factor of 11791 and 185925023?
907
What is the highest common divisor of 5442729 and 1?
1
What is the greatest common divisor of 1994340 and 16770?
1290
Calculate the highest common factor of 86882762 and 3390.
226
What is the highest common factor of 10892 and 218727698?
5446
Calculate the highest common factor of 77 and 246803095.
77
Calculate the greatest common divisor of 2 and 109786526.
2
What is the greatest common divisor of 607311 and 909747?
2439
Calculate the highest common divisor of 174 and 72.
6
What is the greatest common factor of 195545 and 56980?
1295
Calculate the highest common divisor of 16798 and 51983.
227
What is the greatest common factor of 2842 and 18764?
2
What is the greatest common divisor of 12208025 and 2075?
25
Calculate the greatest common divisor of 42 and 6821864.
14
Calculate the greatest common factor of 1079692 and 7.
1
What is the greatest common factor of 23378090 and 15440?
1930
Calculate the greatest common factor of 55971 and 346191.
2073
What is the greatest common divisor of 31548 and 5790014?
478
Calculate the highest common factor of 724 and 35483602.
362
Calculate the greatest common factor of 5988732 and 6612.
348
Calculate the greatest common factor of 36010 and 26950.
10
Calculate the highest common divisor of 1818 and 7346.
2
Calculate the greatest common factor of 12699 and 47511.
9
What is the greatest common divisor of 64 and 37616288?
32
Calculate the greatest common factor of 2694796 and 468.
52
Calculate the greatest common divisor of 5 and 470308.
1
What is the greatest common divisor of 76 and 8624092?
4
What is the highest common factor of 140 and 512405?
5
What is the greatest common factor of 92576 and 4096?
32
Calculate the greatest common factor of 1549602 and 3762.
342
What is the greatest common factor of 2479 and 1393235?
37
Calculate the highest common divisor of 744 and 44454.
186
What is the highest common divisor of 541973872 and 8976?
2992
What is the greatest common divisor of 189933 and 1047?
3
What is the highest common factor of 3 and 9904539?
3
What is the highest common divisor of 19945475 and 2440?
305
What is the highest common factor of 89656 and 352?
8
What is the highest common divisor of 1913625 and 36?
9
What is the greatest common divisor of 3082 and 3978862?
3082
What is the greatest common divisor of 3399 and 727023?
33
Calculate the highest common factor of 13992 and 9953400.
1272
What is the highest common divisor of 8778 and 17756970?
462
What is the highest common divisor of 78 and 6559358?
26
Calculate the greatest common factor of 20487745 and 1310.
655
What is the greatest common factor of 28288 and 520768?
64
Calculate the greatest common factor of 2840 and 9123500.
1420
What is the greatest common factor of 46827 and 69261390?
4257
What is the greatest common factor of 6598383 and 3245?
649
Calculate the highest common factor of 354816 and 1028412.
2772
What is the greatest common factor of 1568 and 556304?
112
Calculate the highest common divisor of 100345922 and 314.
314
Calculate the greatest common divisor of 69 and 43047066.
3
Calculate the highest common divisor of 26 and 15417064.
26
Calculate the highest common factor of 81 and 23490063.
9
Calculate the greatest common factor of 359 and 25639421.
359
Calculate the greatest common factor of 1558 and 22673410.
82
What is the greatest common factor of 6 and 35558250?
6
What is the highest common divisor of 114 and 8428894?
38
Calculate the highest common divisor of 2766 and 106816466.
922
Calculate the highest common factor of 103560 and 7380.
60
Calculate the greatest common factor of 530 and 18449035.
265
Calculate the greatest common factor of 1379855 and 32185.
205
Calculate the highest common divisor of 22 and 221182203.
11
Calculate the highest common divisor of 4877091520 and 2440.
2440
Calculate the greatest common divisor of 3432 and 232661.
143
Calculate the highest common factor of 1753886976 and 1536.
768
What is the highest common divisor of 4284790 and 14170?
1090
What is the greatest common divisor of 1654808 and 32?
8
What is the highest common factor of 8342070 and 5280?
330
What is the highest common divisor of 1791032009 and 26?
13
Calculate the highest common factor of 293 and 28595335.
293
Calculate the greatest common factor of 4408 and 496016261.
551
What is the greatest common factor of 1679 and 3125102?
23
Calculate the greatest common factor of 289579 and 608.
19
What is the greatest common factor of 1001 and 1842659?
91
Calculate the highest common divisor of 867 and 80364831.
867
Calculate the greatest common factor of 150921 and 261498.
123
Calculate the greatest common factor of 2301355242 and 7578.
7578
Calculate the greatest common factor of 35196 and 177864.
12
What is the highest common factor of 7715376 and 32?
16
Calculate the greatest common factor of 379624 and 3944.
8
Calculate the highest common divisor of 13663434 and 20202.
222
Calculate the highest common divisor of 15963651 and 59184.
1233
Calculate the greatest common factor of 3190 and 86710.
290
What is the greatest common divisor of 392483 and 1969331?
1729
What is the highest common divisor of 53100406 and 280008?
7778
What is the highest common divisor of 1782 and 285007734?
1782
What is the highest common factor of 132363 and 21105?
63
What is the highest common factor of 39045 and 45?
15
Calculate the highest common divisor of 329 and 858126.
47
Calculate the greatest common factor of 34441 and 14549757.
3131
Calculate the highest common factor of 21680 and 5975821.
271
Calculate the highest common divisor of 130548 and 17627016.
3036
What is the highest common factor of 985 and 166878109?
197
What is the greatest common divisor of 276506650 and 7365?
2455
Calculate the greatest common divisor of 9452754 and 984879.
5211
Calculate the greatest common divisor of 10 and 95324.
2
What is the greatest common divisor of 4274140 and 1768?
884
What is